. Let u = -45 - h. Suppose -5*y + 130 = -u*y. What is the remainder when y is divided by 6?
2
Let o(h) = h**3 + 6*h**2 - 1. What is the remainder when (-1)/((7/(-1))/413) is divided by o(-4)?
28
Let f(z) = z**3 + 35*z**2. Let h be f(-35). Let i(c) = -c**3 - 5*c + 9. What is the remainder when i(h) is divided by 4?
1
Let g(w) = -3*w - 56. Calculate the remainder when 27 is divided by g(-25).
8
Let g = -159 + 160. Suppose 5*f - 31 = -2*q, -3*q = 5*f + g - 40. Calculate the remainder when 1 + 28 + -2 + 0 is divided by q.
3
Let j(m) = m**3 - 3*m**2 - 7*m - 5. Let l(d) be the first derivative of -3*d**2/2 - d - 6. Let f be l(-2). What is the remainder when 59 is divided by j(f)?
9
What is the remainder when 429 is divided by (-8)/4*-14*1/4?
2
Let f(a) = 17*a**2 - 1159*a - 67. What is the remainder when f(73) is divided by 16?
15
Suppose -2*n - 2*p = -64, 262 - 234 = n + 2*p. What is the remainder when 175 is divided by n?
31
Calculate the remainder when (10/(-30))/(-3 - 1672/(-558)) is divided by 39.
15
Let m = -411 - -903. Suppose 8*n - m = -4*n. Suppose -2*b + 26 = -16. What is the remainder when n is divided by b?
20
Suppose 0 = -118*r + 66710 + 1022. Calculate the remainder when r is divided by 46.
22
Suppose 0 = -x - 0*r - r + 62, 2*x + 4*r = 114. What is the remainder when 80/3720 + (-36822)/(-279) is divided by x?
65
Let w be (-18)/24 - ((-835)/4)/5. Let m = w + -29. Suppose 58 = 2*s - 5*l + 3*l, 116 = 4*s - l. Calculate the remainder when s is divided by m.
5
Suppose 0 = -6*z - 0*z + 72. Suppose 3*b + 3*b = -z. Let i(n) = -n**2 - 7*n - 1. What is the remainder when 42 is divided by i(b)?
6
Suppose r - 2526 = -g - 2443, -4*r + 83 = g. Let k(n) = -51*n**3 - n**2 - n. What is the remainder when k(-2) is divided by g?
74
Calculate the remainder when 489/(-6)*(11 + -13) is divided by 142.
21
Suppose -j = -o - 76, -11 = 3*j - 5*o - 233. Let b = 18 + 31. Let i = b + -29. Calculate the remainder when j is divided by i.
19
Suppose -5*x + 159 = s, -x + 29 = 5*s - 742. What is the remainder when 610 is divided by s?
148
Let m(u) = -35*u + 281. Let l be m(8). What is the remainder when (0 - 1446/(-36)) + l/(-6) is divided by 11?
7
Let d(j) = -34*j + 4674. Calculate the remainder when d(-3) is divided by 10.
6
Let a(o) = -3*o**3 - 6*o**2 - 7*o - 3. Let w be a(-2). What is the remainder when w - ((-8)/(-20) + 2/(-5)) is divided by 5?
1
Suppose 0 = -5*c - 8 + 23. Suppose -5*v - c*g - 52 = 0, -26 + 70 = -5*v - g. What is the remainder when 13 is divided by 4 - (v/6 + (-1)/(-3))?
3
Let v = 68 + -43. Let n be ((-6)/4)/((-3)/114) - -3. Let k = 74 - n. Calculate the remainder when v is divided by k.
11
Let t = -5331 - -5455. Calculate the remainder when 4957 is divided by t.
121
Suppose 2*m - 7486 = 2*c, -4*m = -0*m - 5*c - 14974. What is the remainder when m is divided by 12?
9
Let w = -114 - -115. Calculate the remainder when (-3)/(-15) + 316/20 is divided by (35/14 - 3)*(w - 21).
6
Let d(f) = -26 + 19*f - 1 + 8*f**2 - 29*f**2 - f**3. Let v be 64/(-160) - 216/10. Calculate the remainder when d(v) is divided by 20.
19
Suppose -179*o - 4076 - 10389 = -4441. Let w = 34 - -41. Let b = w + o. What is the remainder when 56 is divided by b?
18
Suppose j = -0*j + 9. Let k = -319 + 411. Let p = k - 75. Calculate the remainder when p is divided by j.
8
Let p(l) = -l**2 - 16*l + 126. Let z be p(-22). What is the remainder when 94 is divided by 31/186 - 95/z?
14
Let h = -190 - -150. Calculate the remainder when 31 is divided by 4*(-5)/h*(-24)/(-4).
1
Let d = 18339 - 18306. Calculate the remainder when 2567 is divided by d.
26
Let i = 91 - -21. Suppose 0 = -15*t + 10*t + 120. What is the remainder when i is divided by t?
16
Let u(d) = 2*d**2. Let m(n) = -5*n**2 + 10*n + 46. Let o(z) = m(z) + 3*u(z). What is the remainder when 84 is divided by o(-6)?
18
Let z(c) = 3*c - 82. Let f be z(31). Let q = 2 + f. Calculate the remainder when 87 is divided by q.
9
Suppose 781*x = 778*x - u + 25, 0 = 5*x - 5*u - 115. Let t = 17 + -8. Calculate the remainder when x is divided by t.
3
Calculate the remainder when (-2 - 200/(-60))*(-4707)/(-6) is divided by 266.
248
Let k(h) = 19*h**3 - 6*h**2 - h + 2. Let c be k(3). Let d = c + -380. What is the remainder when d is divided by 41?
37
Let u = 758 - 1451. Calculate the remainder when u/28*16/(-6)*2 is divided by 35.
27
Suppose 20*h - 160 = -5 + 65. Let s = -81 - -168. Calculate the remainder when s is divided by h.
10
Let s be 36/324 - (-19)/(-9). Let o = s + 373. Calculate the remainder when o is divided by 62.
61
Let t be 5 - ((-2)/(-1) + -212). Let o = t + -193. What is the remainder when o is divided by 19?
3
Let f = 89 - 162. Let i = f - -76. Suppose 5*b - 976 = -i*b. What is the remainder when b is divided by 31?
29
Suppose 0 = -2*s + 5*s + 81. Let n = s - -86. What is the remainder when n is divided by 4/(-6) + (-304)/(-24)?
11
Suppose -i + 3 = -0. Let w = 3510 + -3482. Suppose -67 = -i*j - w. Calculate the remainder when 48 is divided by j.
9
Suppose 5*s = -c + 104, 9*s - 14*s + 5 = 0. What is the remainder when 106 is divided by 2/(51/(-68)*(-8)/c)?
7
Let t = -248 + 1086. Let s = t - 575. What is the remainder when s is divided by 53?
51
Suppose -h + 19 = -4*c, 4*h - 2*c = -6*c + 36. Suppose -6437*i = -6075*i - 1810. What is the remainder when h is divided by i?
1
Suppose 8*z - 5*z - 105 = 0. Suppose -678 = 48*o - 51*o. Suppose 511 = 11*t - o. What is the remainder when t is divided by z?
32
Suppose 0 = -30*a + 22*a + 16. Suppose -a*o = -635 + 209. Calculate the remainder when o is divided by 43.
41
Let f be 12*(-27)/6*8/(-48). Suppose 8*i = f*i - 19. Calculate the remainder when 34 is divided by i.
15
Suppose -k + 74 = -n, 715*n = 719*n - 12. Calculate the remainder when 117 is divided by k.
40
Let o(k) be the second derivative of 26*k + 1/20*k**5 - 1/2*k**4 - 3/2*k**2 - 13/6*k**3 + 0. Calculate the remainder when 57 is divided by o(8).
15
Suppose k - 16*k + 1320 = 0. Suppose 6*j - 189 = -21. Suppose 0 = -2*y - 3*m + j + 1, 3*y - 38 = m. What is the remainder when k is divided by y?
10
Suppose 6*k + 680 = -28. Let f = k - -121. What is the remainder when 3/(-2)*20/(-6) is divided by f?
2
Calculate the remainder when ((-20)/(-15))/((-188)/(-320211)) is divided by 19.
10
Let v = -238 - -242. Suppose -v*s - 3*l = -3*s + 5, -5*l - 35 = -s. What is the remainder when 369 is divided by s?
9
Suppose -2*h = -162 - 38. What is the remainder when h is divided by (-51)/(-153) + 124/6?
16
Suppose 5*p - 66 = 14. Let y(o) = -13*o - 28*o**2 + 24*o**2 + 5*o**2 - 6. Calculate the remainder when 83 is divided by y(p).
41
Let q be -6*((-65)/15 + 5). Let k be -3*6/6*q/3. Suppose -k*b + 308 = -272. Calculate the remainder when b is divided by 37.
34
Let g(n) = 57 + 6 - 16 + 8*n**2 - 16 - 3 + 22*n. Calculate the remainder when g(6) is divided by 30.
28
What is the remainder when -2*(-3)/(-6) - -37 is divided by 636/21 + (9750/273 - 37)?
7
Let w = 8539 + -8511. Suppose 5*f = 2*p + p - 12, 5*p - 20 = -3*f. Suppose 4*u - 4*x - 36 = f, 5*u + 5*x - 2 = 13. What is the remainder when w is divided by u?
4
Suppose -5*r + 3*a = 39 - 222, 5*r = -a + 199. Let f = 40 - 32. What is the remainder when r is divided by f?
7
Let k be (372/28 - -1) + (-4)/14. Calculate the remainder when 2/(-4) - (-2 + (-777)/k) is divided by 35.
22
Suppose -395 = -61*p + 20467. What is the remainder when p is divided by 162?
18
Suppose 0 = 39*t - 746 + 200. Calculate the remainder when 8369 is divided by t.
11
Let d be (2 + -3)/7 + 87/21. Suppose -2*n = d, -w + 136 = 3*w + 2*n. What is the remainder when 347 is divided by w?
32
Let j(y) = 110*y**2 + 31*y + 32. What is the remainder when j(5) is divided by 489?
3
Calculate the remainder when 888 is divided by ((-2)/(-3))/(4/(-30)*(-335)/6767).
80
Suppose 2*v + 46 = -4*z, -4*v = 4*z - 8*v + 52. Calculate the remainder when -1*(-6)/(z/(-146)) is divided by 27.
19
Suppose 41 + 31 = 6*d. Calculate the remainder when 1054/12 - 10/d is divided by 11.
10
Suppose -n - n + 52 = 0. Calculate the remainder when (-8322)/292*3/(36/(-32)) is divided by n.
24
Suppose 0 = 2*f - 13 - 13. Let c = -1909 + 1951. What is the remainder when c is divided by f?
3
Let b be (-6)/(-5)*(-11)/(132/(-40)). Suppose 0 = 2*x - 4*n - 20, 2*x - 3*x - n = -b. Supp